e highest common factor of 10621 and 24947.
247
Calculate the greatest common divisor of 322 and 3822.
14
Calculate the greatest common divisor of 63 and 150129.
63
What is the highest common divisor of 3458 and 301?
7
Calculate the greatest common factor of 22 and 195932.
22
What is the highest common factor of 2486 and 4520?
226
Calculate the highest common divisor of 17554 and 1310.
262
Calculate the highest common factor of 1998476 and 1.
1
Calculate the greatest common divisor of 334295 and 13.
13
Calculate the highest common divisor of 17649 and 36.
9
Calculate the greatest common factor of 6070 and 2.
2
Calculate the greatest common factor of 127019 and 4189.
71
Calculate the highest common factor of 27010 and 148.
74
Calculate the highest common divisor of 372 and 1492836.
372
What is the highest common divisor of 17513722 and 146?
146
What is the greatest common factor of 351 and 121823?
13
What is the greatest common divisor of 1358771 and 161?
23
Calculate the greatest common factor of 3948 and 4298.
14
What is the greatest common divisor of 23928 and 384?
24
Calculate the greatest common divisor of 1356 and 204.
12
Calculate the highest common divisor of 396773 and 598.
299
Calculate the greatest common divisor of 1364035 and 10.
5
What is the highest common factor of 251 and 502?
251
What is the greatest common divisor of 25 and 19?
1
Calculate the greatest common divisor of 2085 and 1668.
417
What is the highest common divisor of 714 and 512862?
42
What is the highest common factor of 49 and 290227?
49
What is the greatest common divisor of 45 and 7088355?
45
Calculate the greatest common factor of 966672 and 588.
588
Calculate the highest common divisor of 66452 and 26048.
148
Calculate the highest common divisor of 243666 and 36.
18
Calculate the highest common divisor of 77656 and 104.
8
Calculate the highest common factor of 280452 and 36.
12
What is the greatest common factor of 512 and 34864?
16
What is the greatest common divisor of 3991 and 244372?
307
Calculate the highest common factor of 142 and 6696862.
142
What is the greatest common divisor of 435 and 43920?
15
What is the highest common factor of 10 and 172090?
10
Calculate the greatest common factor of 253445 and 4688.
293
What is the greatest common factor of 660 and 92580?
60
Calculate the greatest common factor of 1419912 and 328.
328
Calculate the greatest common divisor of 2622 and 36936.
114
Calculate the highest common factor of 158 and 19951134.
158
What is the highest common divisor of 620 and 95356?
124
Calculate the greatest common divisor of 63 and 145467.
63
Calculate the greatest common divisor of 247 and 70213.
13
What is the greatest common factor of 3120 and 870?
30
What is the highest common factor of 2726862 and 2?
2
Calculate the greatest common factor of 54 and 143883.
27
What is the highest common divisor of 320 and 448?
64
What is the greatest common divisor of 575 and 2725?
25
What is the greatest common factor of 58455 and 45?
45
Calculate the highest common divisor of 630 and 215670.
210
What is the greatest common factor of 975 and 43485?
195
Calculate the highest common factor of 187 and 8534.
17
Calculate the greatest common factor of 16126 and 11.
11
What is the greatest common factor of 72 and 257976?
72
What is the highest common divisor of 689 and 2798718?
689
What is the greatest common factor of 2864 and 16?
16
What is the greatest common factor of 30 and 38445?
15
Calculate the greatest common divisor of 174 and 318594.
174
Calculate the highest common divisor of 669 and 134915.
223
Calculate the greatest common divisor of 5357925 and 225.
225
Calculate the greatest common factor of 336 and 2247.
21
Calculate the highest common divisor of 1910975 and 275.
275
What is the highest common factor of 126 and 63378?
126
What is the greatest common factor of 63 and 175?
7
What is the highest common factor of 640 and 270?
10
Calculate the highest common factor of 1748 and 1012.
92
What is the highest common divisor of 2744 and 232?
8
What is the highest common factor of 432 and 18288?
144
What is the highest common factor of 155 and 12679?
31
Calculate the highest common factor of 93675 and 450.
75
What is the highest common divisor of 44 and 43604?
44
Calculate the greatest common divisor of 6898386 and 66.
66
What is the greatest common factor of 7500 and 9636?
12
What is the highest common factor of 29984 and 246431?
937
What is the greatest common divisor of 3745 and 166920?
535
Calculate the highest common divisor of 3250 and 24625.
125
What is the greatest common divisor of 216 and 1405656?
72
What is the highest common factor of 4 and 57172?
4
What is the greatest common divisor of 6288 and 9912?
24
Calculate the highest common divisor of 5312 and 41024.
64
Calculate the greatest common factor of 147 and 59864.
7
What is the highest common divisor of 17800 and 42200?
200
What is the highest common divisor of 4841712 and 144?
144
What is the greatest common divisor of 2839 and 660819?
167
Calculate the greatest common factor of 29877 and 1311.
69
What is the highest common divisor of 287129 and 29?
29
Calculate the greatest common divisor of 6457 and 494841.
587
What is the greatest common factor of 16064 and 12?
4
Calculate the greatest common divisor of 6 and 735867.
3
Calculate the highest common factor of 1408720 and 224.
16
What is the highest common factor of 28 and 2067947?
7
Calculate the highest common factor of 6402 and 52671.
291
Calculate the highest common divisor of 5324 and 308.
44
Calculate the greatest common divisor of 2214 and 1091133.
369
Calculate the greatest common factor of 8 and 31700.
4
What is the greatest common divisor of 26744 and 16?
8
Calculate the greatest common divisor of 27608 and 3502.
34
Calculate the greatest common divisor of 1900215 and 495.
45
What is the greatest common divisor of 166498 and 102?
34
What is the greatest common divisor of 88021 and 115?
23
Calculate the greatest common divisor of 800 and 1525.
25
What is the highest common divisor of 176 and 8811?
11
What is the highest common factor of 1024 and 255488?
512
Calculate the greatest common divisor of 8307 and 798395.
923
Calculate the highest common factor of 500 and 2534750.
250
Calculate the greatest common factor of 14 and 28658.
14
What is the greatest common divisor of 70191 and 297?
99
What is the highest common factor of 60 and 14550?
30
Calculate the highest common factor of 17644 and 76.
4
Calculate the highest common factor of 5305262 and 142.
142
What is the highest common divisor of 1103037 and 312?
39
Calculate the greatest common divisor of 126 and 2408.
14
What is the greatest common factor of 689 and 3159?
13
What is the highest common divisor of 115148 and 33?
11
Calculate the highest common factor of 55274 and 58.
58
Calculate the greatest common divisor of 36050 and 10150.
350
Calculate the highest common divisor of 840 and 1322440.
280
What is the highest common factor of 897937 and 71?
71
Calculate the greatest common factor of 706530 and 264.
66
What is the highest common factor of 158 and 52964?
2
Calculate the greatest common divisor of 3236 and 520187.
809
Calculate the highest common divisor of 10576 and 48.
16
What is the highest common factor of 184 and 15536960?
184
Calculate the greatest common divisor of 2520 and 15552.
72
Calculate the greatest common divisor of 273 and 21957.
39
Calculate the highest common divisor of 107653 and 182.
91
What is the highest common factor of 137 and 107682?
137
Calculate the highest common divisor of 1717758 and 378.
126
What is the highest common factor of 129 and 40463?
43
What is the highest common divisor of 407189 and 739?
739
What is the highest common factor of 340 and 3957260?
340
Calculate the highest common factor of 28 and 9226.
14
Calculate the highest common factor of 221857 and 305.
61
Calculate the greatest common factor of 330 and 27610.
110
Calculate the greatest common factor of 2 and 74038.
2
What is the highest common divisor of 285 and 706173?
57
What is the greatest common divisor of 17924 and 28?
4
What is the highest common factor of 13150674 and 486?
486
Calculate the highest common factor of 9120 and 618720.
480
What is the highest